e 8, what is -440 - 2?
-442
In base 13, what is 2 - -17554?
17556
In base 5, what is -10043 - -120?
-4423
In base 8, what is 23440 + -2?
23436
In base 11, what is -161 + -110?
-271
In base 4, what is 10 + 102211030?
102211100
In base 9, what is 20 + 3738?
3758
In base 13, what is -bbc + -24b?
-113a
In base 16, what is -10b - -84?
-87
In base 2, what is 1000110 + -100001111110011?
-100001110101101
In base 14, what is 1 - -4187?
4188
In base 4, what is 101233021 - -21?
101233102
In base 9, what is 4511 + 30?
4541
In base 13, what is -2 + -156a7?
-156a9
In base 4, what is -1200100 + -110?
-1200210
In base 10, what is 1183 + -106?
1077
In base 3, what is -2000001211 - -11?
-2000001200
In base 13, what is -1 + -143c?
-1440
In base 4, what is -10 + 1333311?
1333301
In base 4, what is 2 + -121322331?
-121322323
In base 7, what is -216044 + 12?
-216032
In base 4, what is 2 + -22213?
-22211
In base 9, what is 7 - -4604?
4612
In base 5, what is 13302 - 430?
12322
In base 3, what is 2002 - -222011?
1001020
In base 3, what is -1 - 111110120112?
-111110120120
In base 5, what is -10 - -200444?
200434
In base 10, what is -10599 - -2?
-10597
In base 8, what is 150075 - 7?
150066
In base 11, what is 0 + -17505?
-17505
In base 8, what is -4 - 6473663?
-6473667
In base 13, what is 48 - -1390?
1408
In base 7, what is -225655 + -315?
-226303
In base 8, what is -4 + -21560?
-21564
In base 2, what is 110000011 - -10000010010?
10110010101
In base 8, what is -2 - 51645?
-51647
In base 15, what is 5 + -6b21?
-6b1b
In base 2, what is -11010110100010 + 1?
-11010110100001
In base 3, what is -20121202121 + -11?
-20121202202
In base 7, what is 36204 + 4?
36211
In base 9, what is 152144 + -1?
152143
In base 4, what is 1 + 211002?
211003
In base 8, what is -413437 + -16?
-413455
In base 5, what is 242403102 - 3?
242403044
In base 8, what is -226 + 3053?
2625
In base 10, what is 14 + -798?
-784
In base 10, what is 10 - -2813?
2823
In base 9, what is 117 - -632?
750
In base 6, what is -34135 + 44?
-34051
In base 4, what is -1200230 - 11?
-1200301
In base 6, what is -20205 + 220?
-15545
In base 2, what is 100100 - -1001100101010?
1001101001110
In base 15, what is -4 + -10055e?
-100563
In base 6, what is 353 + 1300?
2053
In base 6, what is -3 - 30103?
-30110
In base 2, what is -10000110010011000 + 10?
-10000110010010110
In base 13, what is 20c6 + -2?
20c4
In base 13, what is 34a + 3c4?
741
In base 8, what is 100 - -54?
154
In base 13, what is 24921 - -1?
24922
In base 12, what is -606404 + 3?
-606401
In base 6, what is 135205 + 14?
135223
In base 5, what is 3013322 - 123?
3013144
In base 2, what is 110 + 1001100001100010110?
1001100001100011100
In base 13, what is 0 + 833?
833
In base 9, what is 7 + 10000?
10007
In base 3, what is 10 - -10012222212000?
10012222212010
In base 11, what is 79241 - a?
79232
In base 15, what is 2d2842 + -4?
2d283d
In base 9, what is 674 + 243?
1027
In base 4, what is -110 + 3033310?
3033200
In base 6, what is 22011 + 3501?
25512
In base 10, what is 55 - -237?
292
In base 10, what is -232 + 688?
456
In base 15, what is 2071 + 26?
2097
In base 9, what is -7248 - -10?
-7238
In base 3, what is 1 + -222212220?
-222212212
In base 7, what is -32233 + 16?
-32214
In base 2, what is -1 - 10011011111010?
-10011011111011
In base 3, what is 10 - -12022111102?
12022111112
In base 3, what is -121220 + -100?
-122020
In base 14, what is 4678b + 20?
467ab
In base 13, what is -27 + a58?
a31
In base 11, what is -34049 - -1?
-34048
In base 12, what is -21349 - -17?
-21332
In base 9, what is 1646 - 50?
1586
In base 6, what is -121020 + -10?
-121030
In base 9, what is -25254 - 53?
-25317
In base 11, what is 46042 + 2?
46044
In base 7, what is -351461 + -5?
-351466
In base 3, what is -1 - -20011121122?
20011121121
In base 16, what is c11 - -6?
c17
In base 8, what is 10533 + -6?
10525
In base 11, what is -39 + 1a403?
1a375
In base 11, what is 1a + -21723?
-21704
In base 16, what is -b + 1b20?
1b15
In base 16, what is 0 - 7f8?
-7f8
In base 15, what is -268 - 7?
-270
In base 12, what is -1719 - 116?
-1833
In base 11, what is 4 - -1401?
1405
In base 2, what is 101110111001001 + 11?
101110111001100
In base 3, what is -21011 + 1010212?
212201
In base 2, what is 11010 + -100001000001?
-100000100111
In base 10, what is -311 - -220?
-91
In base 15, what is -7 - 3ced?
-3d05
In base 13, what is 17 - 223?
-209
In base 16, what is -e + 391?
383
In base 4, what is -310 + 3021123?
3020213
In base 2, what is 1001011000111110 + 100?
1001011001000010
In base 5, what is 1232 - 314?
413
In base 11, what is -1029 + 45?
-a94
In base 5, what is -14300300 + 0?
-14300300
In base 7, what is -3661153 + -12?
-3661165
In base 3, what is 2 - -1010112200?
1010112202
In base 12, what is -71 - -68b5?
6844
In base 3, what is 101022101 + -2020?
101020011
In base 11, what is 2 - -601688?
60168a
In base 3, what is -10 + 210210010101?
210210010021
In base 5, what is -313 - 34310?
-40123
In base 16, what is -32369 + 5?
-32364
In base 5, what is 22 - -230312?
230334
In base 14, what is -1 + 1d159?
1d158
In base 16, what is -5 - 151b?
-1520
In base 3, what is 1100112 + -212?
1022200
In base 13, what is 48 + -1a941?
-1a8c6
In base 4, what is -1022 + -233?
-1321
In base 2, what is 110111 + -100111010?
-100000011
In base 6, what is 12253 + -253?
12000
In base 14, what is 37 - 1a09?
-19b2
In base 9, what is 2278 - 1387?
781
In base 11, what is 307 + -42a?
-123
In base 2, what is 1 - -1000111101111110010?
1000111101111110011
In base 13, what is 3 + 158a77?
158a7a
In base 11, what is 315 - -286?
5a0
In base 12, what is 757b + -a?
7571
In base 16, what is -8f6d - 5?
-8f72
In base 11, what is 2 + -12?
-10
In base 4, what is -12312 - 1?
-12313
In base 7, what is -1400301 - -5?
-1400263
In base 2, what is 11111 + 111011001?
111111000
In base 15, what is 17 - 14c?
-135
In base 14, what is 805d + 5?
8064
In base 15, what is 785 - -1d?
7a3
In base 13, what is 69aa19 - 0?
69aa19
In base 9, what is 6731 - 14?
6716
In base 5, what is 243032340 + 4?
243032344
In base 13, what is c00b0 + -1?
c00ac
In base 9, what is -18810 - -30?
-18770
In base 16, what is 59dd + 0?
59dd
In base 8, what is -31135 + -25?
-31162
In base 13, what is 0 + 802b0?
802b0
In base 2, what is 101 - 1000001110110000001001?
-1000001110110000000100
In base 3, what is -12102222 - -21211?
-12011011
In base 15, what is c + -1ad23?
-1ad16
In base 11, what is -537a - -24?
-5356
In base 4, what is -31023100 + 1013?
-31022021
In base 2, what is 101111000000001101000 - 10?
101111000000001100110
In base 3, what is 1121 + 1101102?
1110000
In base 8, what is 55 - 21075?
-21020
In base 6, what is 4 - -2415024?
2415032
In base 11, what is -437342 - 1?
-437343
In base 10, what is 35 + -960?
-925
In base 3, what is 1220 + -202210?
-200220
In base 4, what is 10003 + 203220?
213223
In base 3, what is -110110110112 - -10?
-110110110102
In base 11, what is -74 + -383a?
-3903
In base 14, what is -3 - 84259?
-8425c
In base 13, what is 24 - -11626?
1164a
In base 13, what is 10a - -66?
173
In base 14, what is 459 + 247?
6a2
In base 16, what is -2 + 5374b?
53749
In base 13, what is -4 - 2662?
-2666
In base 8, what is -1 + 2312?
2311
In base 2, what is 100101 - -1001011011?
1010000000
In base 16, what is -87e02 + -4?
-87e06
In base 3, what is -2 + 2022110100?
2022110021
In base 2, what is 10101100 - 100100101001?
-100001111101
In base 11, what is -1 + 730a2?
730a1
In base 15, what is 4 - -e9de?
e9e3
In base 5, what is 40243 + -1230?
34013
In base 11, what is 1834559 + -4?
1834555
In base 2, what is 111100110 - -111001000?
1110101110
In base 7, what is -1041 - -43?
-665
In base 7, what is -21124 - 1?
-21125
In base 12, what is 1083b - 18?
10823
In base 9, what is 2 - -71746?
71748
In base 9, what is -20360 - -130?
-20230
In base 8, what is 272600 - -4?
272604
In base 11, what is -44 + 792?
749
In base 14, what is -c + 2ab33?
2ab25
In base 4, what is -200133033332 + 11?
-200133033321
In base 2, what is -11111010 + -1001011?
-101000101
In base 16, what is 3312a + -2?
33128
In base 13, what is -5 + 209a86?
209a81
In base 3, what is -2021 - -11200210?
11121112
In base 16, what is -20 - a2f3?
-a313
In base 12, what is 65 - -56?
bb
In base 5, what is 1034 - 124?
410
In base 4, what is -200